{"version":"1.0","provider_name":"COrental Dry Hire GmbH \u2013 Vermietung von Veranstaltungstechnik Licht &amp; Rigging","provider_url":"https:\/\/www.corental.de","author_name":"Niklas Wegner","author_url":"https:\/\/www.corental.de\/index.php\/author\/niklas-wegner\/","title":"Juli 2024 - Zeiten der Ver\u00e4nderungen - COrental Dry Hire GmbH \u2013 Vermietung von Veranstaltungstechnik Licht &amp; Rigging","type":"rich","width":600,"height":338,"html":"<blockquote class=\"wp-embedded-content\" data-secret=\"sNH0b1JqBS\"><a href=\"https:\/\/www.corental.de\/index.php\/2024\/07\/17\/juli-2024-zeiten-der-veraenderungen\/\">Juli 2024 &#8211; Zeiten der Ver\u00e4nderungen<\/a><\/blockquote><iframe sandbox=\"allow-scripts\" security=\"restricted\" src=\"https:\/\/www.corental.de\/index.php\/2024\/07\/17\/juli-2024-zeiten-der-veraenderungen\/embed\/#?secret=sNH0b1JqBS\" width=\"600\" height=\"338\" title=\"&#8222;Juli 2024 &#8211; Zeiten der Ver\u00e4nderungen&#8220; &#8211; COrental Dry Hire GmbH \u2013 Vermietung von Veranstaltungstechnik Licht &amp; Rigging\" data-secret=\"sNH0b1JqBS\" frameborder=\"0\" marginwidth=\"0\" marginheight=\"0\" scrolling=\"no\" class=\"wp-embedded-content\"><\/iframe><script type=\"text\/javascript\">\n\/* <![CDATA[ *\/\n\/*! This file is auto-generated *\/\n!function(d,l){\"use strict\";l.querySelector&&d.addEventListener&&\"undefined\"!=typeof URL&&(d.wp=d.wp||{},d.wp.receiveEmbedMessage||(d.wp.receiveEmbedMessage=function(e){var t=e.data;if((t||t.secret||t.message||t.value)&&!\/[^a-zA-Z0-9]\/.test(t.secret)){for(var s,r,n,a=l.querySelectorAll('iframe[data-secret=\"'+t.secret+'\"]'),o=l.querySelectorAll('blockquote[data-secret=\"'+t.secret+'\"]'),c=new RegExp(\"^https?:$\",\"i\"),i=0;i<o.length;i++)o[i].style.display=\"none\";for(i=0;i<a.length;i++)s=a[i],e.source===s.contentWindow&&(s.removeAttribute(\"style\"),\"height\"===t.message?(1e3<(r=parseInt(t.value,10))?r=1e3:~~r<200&&(r=200),s.height=r):\"link\"===t.message&&(r=new URL(s.getAttribute(\"src\")),n=new URL(t.value),c.test(n.protocol))&&n.host===r.host&&l.activeElement===s&&(d.top.location.href=t.value))}},d.addEventListener(\"message\",d.wp.receiveEmbedMessage,!1),l.addEventListener(\"DOMContentLoaded\",function(){for(var e,t,s=l.querySelectorAll(\"iframe.wp-embedded-content\"),r=0;r<s.length;r++)(t=(e=s[r]).getAttribute(\"data-secret\"))||(t=Math.random().toString(36).substring(2,12),e.src+=\"#?secret=\"+t,e.setAttribute(\"data-secret\",t)),e.contentWindow.postMessage({message:\"ready\",secret:t},\"*\")},!1)))}(window,document);\n\/\/# sourceURL=https:\/\/www.corental.de\/wp-includes\/js\/wp-embed.min.js\n\/* ]]> *\/\n<\/script>\n","thumbnail_url":"https:\/\/www.corental.de\/wp-content\/uploads\/2024\/04\/DJI_0248-geschnitten.jpg","thumbnail_width":1805,"thumbnail_height":976,"description":"Liebe Kunden, liebe Lieferanten, liebe Gesch\u00e4ftspartner, wir leben in Zeiten der Ver\u00e4nderungen und auch bei uns stehen diese jetzt an. Ab September diesen Jahres wird unser gesamtes Material nach Hilden in ein neues Lager umziehen. Dort erschlie\u00dfen sich f\u00fcr uns und f\u00fcr euch neue M\u00f6glichkeiten aufgrund der Gr\u00f6\u00dfe und optimaler logistischer Anbindung. Unseren Bestandskunden im S\u00fcden Deutschlands, \u00d6sterreich und der Schweiz werden wir mit individuellen (Transport-)L\u00f6sungen weiterhin zur Seite stehen."}

Juli 2024 - Zeiten der Veränderungen - COrental Dry Hire GmbH – Vermietung von Veranstaltungstechnik Licht &amp; Rigging

<blockquote class="wp-embedded-content" data-secret="sNH0b1JqBS"><a href="https://www.corental.de/index.php/2024/07/17/juli-2024-zeiten-der-veraenderungen/">Juli 2024 &#8211; Zeiten der Veränderungen</a></blockquote><iframe sandbox="allow-scripts" security="restricted" src="https://www.corental.de/index.php/2024/07/17/juli-2024-zeiten-der-veraenderungen/embed/#?secret=sNH0b1JqBS" width="600" height="338" title="&#8222;Juli 2024 &#8211; Zeiten der Veränderungen&#8220; &#8211; COrental Dry Hire GmbH – Vermietung von Veranstaltungstechnik Licht &amp; Rigging" data-secret="sNH0b1JqBS" frameborder="0" marginwidth="0" marginheight="0" scrolling="no" class="wp-embedded-content"></iframe><script type="text/javascript">
/* <![CDATA[ */
/*! This file is auto-generated */
!function(d,l){"use strict";l.querySelector&&d.addEventListener&&"undefined"!=typeof URL&&(d.wp=d.wp||{},d.wp.receiveEmbedMessage||(d.wp.receiveEmbedMessage=function(e){var t=e.data;if((t||t.secret||t.message||t.value)&&!/[^a-zA-Z0-9]/.test(t.secret)){for(var s,r,n,a=l.querySelectorAll('iframe[data-secret="'+t.secret+'"]'),o=l.querySelectorAll('blockquote[data-secret="'+t.secret+'"]'),c=new RegExp("^https?:$","i"),i=0;i<o.length;i++)o[i].style.display="none";for(i=0;i<a.length;i++)s=a[i],e.source===s.contentWindow&&(s.removeAttribute("style"),"height"===t.message?(1e3<(r=parseInt(t.value,10))?r=1e3:~~r<200&&(r=200),s.height=r):"link"===t.message&&(r=new URL(s.getAttribute("src")),n=new URL(t.value),c.test(n.protocol))&&n.host===r.host&&l.activeElement===s&&(d.top.location.href=t.value))}},d.addEventListener("message",d.wp.receiveEmbedMessage,!1),l.addEventListener("DOMContentLoaded",function(){for(var e,t,s=l.querySelectorAll("iframe.wp-embedded-content"),r=0;r<s.length;r++)(t=(e=s[r]).getAttribute("data-secret"))||(t=Math.random().toString(36).substring(2,12),e.src+="#?secret="+t,e.setAttribute("data-secret",t)),e.contentWindow.postMessage({message:"ready",secret:t},"*")},!1)))}(window,document);
//# sourceURL=https://www.corental.de/wp-includes/js/wp-embed.min.js
/* ]]> */
</script>

Liebe Kunden, liebe Lieferanten, liebe Geschäftspartner, wir leben in Zeiten der Veränderungen und auch bei uns stehen diese jetzt an. Ab September diesen Jahres wird unser gesamtes Material nach Hilden in ein neues Lager umziehen. Dort erschließen sich für uns und für euch neue Möglichkeiten aufgrund der Größe und optimaler logistischer Anbindung. Unseren Bestandskunden im Süden Deutschlands, Österreich und der Schweiz werden wir mit individuellen (Transport-)Lösungen weiterhin zur Seite stehen.
